is the units digit of l?
2
Let j(b) = 15*b**3 - b**2 - b - 1. Let s be j(-1). Let h = s + 23. What is the units digit of h - (-3)/6*-6?
4
Let y = 381 - 270. What is the units digit of y?
1
Let c = -18 - -42. Suppose c = -4*u + 4. Let a = u + 25. What is the tens digit of a?
2
Suppose -5*a - 12 = -52. Suppose -8 = -2*h + 4*j + a, -4*h + 3*j = -37. What is the tens digit of h?
1
Let a(k) = 4*k - 1. Let m be a(1). Suppose -m*l = -y - 108, y = -4*l - 4*y + 125. What is the units digit of l?
5
Let h(w) = -w**3 - 5*w**2 - 4*w - 1. Let t be h(-4). What is the units digit of (t*(1 - -1))/(-2)?
1
Let g(x) = x**3 + 4*x**2 - 8*x - 4. Let y be g(-5). Suppose 2*v + 2*w - 26 = 0, 2*v + 3*w + y = 4*v. What is the units digit of v?
0
Let y = 12 + -20. Let k(z) = -2*z. What is the tens digit of k(y)?
1
Suppose 0 = i - 0*i - 91. What is the tens digit of i?
9
Let b(u) = u**2 - 12*u + 1. Let v be b(9). Let o be (-1 - 1)/((-4)/v). Let f = 2 - o. What is the tens digit of f?
1
Suppose -129 - 3 = -3*y. What is the tens digit of y?
4
Suppose -2*b = 4*y - 20, 1 + 1 = -b + y. Let z(c) = c. What is the units digit of z(b)?
2
Let a(z) = -z**2 - 4*z + 3. Let j be a(-6). Let b(t) = t**2 + 8*t + 8. What is the tens digit of b(j)?
1
Let u(k) = k**3 - 5*k**2 - k - 2. Let q be u(5). Let b(i) = i**2 + 6*i - 4. What is the units digit of b(q)?
3
Let j(p) = -p - 6. Let i be j(-7). Let b be i + (0 + 37 - -2). What is the units digit of b/6*(-48)/(-20)?
6
Suppose -38 = -c + 97. What is the units digit of c?
5
Let v be (-1*1)/(3/15). Let m = 6 + v. What is the tens digit of ((-11)/(0 - m))/1?
1
What is the tens digit of 6/4 - (-35)/2?
1
Let p be (4/5)/((-8)/(-20)). Let q(l) = -6*l + 0*l**3 - 3*l**3 - l - 3 - 6*l**2 + p*l**3. What is the units digit of q(-5)?
7
What is the hundreds digit of ((-6)/9)/(((-20)/2265)/4)?
3
Let k = -10 - -2. Let i(m) = m**2 + 9*m + 9. What is the units digit of i(k)?
1
Suppose 2 = -4*o + 6. Let m = o + 6. What is the units digit of m?
7
Let q be (64 - -4)*(-2)/(-4). Let o = -23 + q. What is the units digit of o?
1
Suppose -225*a + 1910 = -220*a. What is the units digit of a?
2
Let k(x) = -x**3 + 5*x**2 - x + 7. Let u be k(5). Let o be 1*(u - (2 + -2)). Suppose 0 = -2*m + m + o. What is the units digit of m?
2
Let g be 1/5 + 121/(-5). Let w = -11 - g. What is the units digit of w?
3
Suppose 0 = 5*x + 2*m - 5, -2*m + 4*m = -x + 1. Let y = x + 4. Suppose h = -5*v - 3*h + y, -4*v + h + 4 = 0. What is the units digit of v?
1
Let b(q) = 318*q + 1. What is the units digit of b(1)?
9
Let k be 1 - -1 - (-1 - 18). Suppose -k = -3*g - 3*s, 3*s + 12 = 4*g - s. What is the units digit of g?
5
Suppose 4*s - 13 - 45 = 2*u, -s = -5*u - 10. What is the tens digit of s?
1
Suppose 2*w - 7*w + u = 4, -4*w + 8 = 2*u. Let t = 1 - w. What is the units digit of t?
1
Suppose p = -3*k + 70, -2*p + 6*p + 4*k = 280. What is the units digit of p?
0
Let t(a) = -a**3 - 7*a**2 - 8*a + 3. Let b be t(-6). Suppose -33 = -b*k + 14*k. What is the units digit of k?
3
Let w be 1*(-4 - -3)*-2. Suppose -g = 4*p - w*g - 31, 5*p - 2*g - 38 = 0. What is the units digit of p?
8
What is the tens digit of (-81)/(-2) + 2/4?
4
What is the hundreds digit of (952/12)/((-8)/(-12))?
1
Let v(r) = r**2 - 4*r. Let a be v(3). Let s(g) = -g**2 - 3*g + 2. Let o be s(a). Suppose 0 = 2*z - 8, -4*z = -o*l - 0*z + 10. What is the units digit of l?
3
Let n = 499 - 323. Suppose 0*l = 4*l - n. What is the units digit of l?
4
Let v be 10/(-3)*(-18)/15. Suppose v*k - 57 = k. Suppose m + 0*m + 5*q + k = 0, m - 4*q - 26 = 0. What is the units digit of m?
6
Let a = -4 - -9. Suppose 5*c = a*s + 13 + 17, 0 = -c + 4*s + 15. What is the units digit of c*((-44)/(-3))/4?
1
Let d(u) = u**3 - 8*u**2 - 16*u + 15. What is the tens digit of d(11)?
0
Let q(a) = -a**2 + 26*a - 22. What is the tens digit of q(10)?
3
Suppose -m + 3 = -6. Let t be (-32)/(-6) - 3/m. Suppose -4*j - 9 - 6 = -3*n, n - 5 = t*j. What is the units digit of n?
5
Suppose -h + 3*m + 29 + 6 = 0, -h - 2*m + 50 = 0. What is the units digit of h?
4
Let c be (-4)/6*(-9 - 0). Let f(y) = -y + 13. Let p be f(9). Suppose -c = -p*z + z. What is the units digit of z?
2
Let y(i) = -8*i**3 - 3*i - 3. What is the tens digit of y(-2)?
6
Suppose m + 16 = -0*m + 4*u, 4*u = 5*m + 144. Let v = m + 47. What is the tens digit of v?
1
What is the tens digit of 50 + -6 - (-12)/3?
4
Suppose s - 9 = -2*s. Let h be (-5)/(-25) + (-1)/5. What is the units digit of (-2 - -3 - h)*s?
3
What is the tens digit of (75/(-9))/((-2)/12)?
5
Suppose 8*v = 6*v + 358. What is the units digit of v?
9
What is the units digit of (-16)/4 + 43 - 3?
6
Let s be 2/(-4)*-4 + -1. Let x = -3 + s. Let o(l) = -l**3 - 2*l**2 - 3*l - 1. What is the units digit of o(x)?
5
Let g(k) = -k + 1. Let a(y) = -9*y + 1. Let p(o) = -a(o) + 5*g(o). What is the units digit of p(4)?
0
Let f be (1/(-3))/(1/(-9)). Suppose -2*n + 2*h + 22 = 2*n, f*n - 5*h - 6 = 0. Suppose -n = -x - v - v, -5*v + 13 = 2*x. What is the units digit of x?
9
Let g be (45/18)/((-2)/(-4)). Suppose h = -2*v - 4*h + 67, 0 = g*h - 25. What is the tens digit of v?
2
Let l = 6 + -5. Suppose -r = 4*r. Suppose r = t - y - 3, 0 = -t - t - 5*y - l. What is the units digit of t?
2
Let t(y) = -y**3 + 5*y**2 - 5*y + 3. Let w be t(4). Let u = -44 - -24. What is the units digit of 6/(-3) + u/w?
8
Let l(y) = 26*y**2 + 2*y. Let u be l(2). Suppose 0*x + u = 4*x. What is the tens digit of x?
2
Suppose 4*q + 37 = 377. What is the tens digit of q?
8
Suppose -5*g + 124 = -126. Suppose -8*p = -3*p - g. What is the units digit of p?
0
Let k = 0 - -6. What is the units digit of k?
6
Let r = -110 + 64. What is the units digit of r/(-10) - 4/(-10)?
5
Let y be 66/(-9) - (-2)/(-3). Let o be y/20 + 46/(-10). What is the units digit of o/4*-1*4?
5
Suppose -3*h - 65 = -5*q + 2*h, -4*h = q + 7. Let v = -6 + q. What is the units digit of v?
3
Suppose 341 = 5*r - a, 0 = -a - 1. What is the units digit of r?
8
Let s(u) = u**2 - u - 1. What is the units digit of s(-4)?
9
Let l be ((-66 - 3)/(-3))/(-1). Let u = l - -33. What is the units digit of u?
0
Let d(h) = -h**3 + 4*h**2 + 7*h + 7. Let i be d(6). Let s = i + 34. What is the units digit of s?
1
Let y be ((-6)/5)/(6/(-15)). Let d(k) = k**3 - 3*k**2 + 4*k - 4. What is the units digit of d(y)?
8
Suppose 2*c - 3 = 25. Let z be ((-216)/42)/((-2)/c). Suppose 0 = -0*d + 4*d - z. What is the units digit of d?
9
Suppose 2 = 5*y + 8*h - 6*h, -2*h = 8. What is the tens digit of 3 + 25 - (y + 1)?
2
Suppose -c = -3*c + 56. What is the units digit of c?
8
Suppose 0 = -5*j - 5*i + 3*i + 361, -3*j + 229 = -5*i. What is the tens digit of j?
7
Let j(v) = -v**2 - 2*v - 3. Let t be j(-3). Let h be (t/(-4))/((-3)/8). What is the units digit of (h - -1)/(1/(-3))?
9
Suppose 4*i + 2*z = 20, 0*z + 12 = 3*i + 3*z. Let k be ((-4)/i)/((-2)/51). Let y = 28 - k. What is the tens digit of y?
1
Let a be 1 + (0 - 5)*-1. Let t be -1*(0 + 3) - -6. Let l = a + t. What is the units digit of l?
9
Suppose 0 = w - 3*z + 10, w - 16 + 1 = -2*z. Suppose -4*c - 51 = -i - 145, 33 = c - w*i. What is the tens digit of c?
2
Suppose -6*a + 507 + 171 = 0. What is the tens digit of a?
1
Let z(l) = l**2 - 5*l + 6. Let m be z(4). Let h be 12/m*(-1)/(-3). Suppose r - 2 - h = 0. What is the units digit of r?
4
Suppose -2 = -u - 0*u. Suppose 5*y + u*l + 5 = 339, -3*l + 72 = y. What is the units digit of (-1)/4 - y/(-8)?
8
Let t(l) = l - 5. Let c be t(9). Suppose -4*x = -x - c*f - 41, -3*f = 4*x - 63. What is the tens digit of x?
1
Let y(v) = -2*v**2 - 32*v + 17. What is the units digit of y(-16)?
7
Suppose 5*f + 384 = f + i, 5*f + 480 = 4*i. What is the units digit of (9/6)/((-9)/f)?
6
Let f be 2/(-6)*-2*-9. Let o = -10 - f. What is the units digit of (22/6)/(o/(-12))?
1
Suppose -17*a = -14*a - 27. What is the units digit of a?
9
Suppose -7*r - 5*i = -3*r - 21, 4*i - 4 = 0. Let h(j) = -j**2 + 2*j + 5. Let u be h(0). Suppose -y = u*w - 7, -2*y - 3*w + 18 = r. What is the units digit of y?
7
Let z = 4 - 0. Let x = 3 - z. What is the tens digit of x/2 - (-117)/6?
1
Let u(o) = 3*o**3 + o**2 - o + 1. Let r(h) = -4*h**3 - 2*h**2 + 2*h - 2. Let n(s) = 2*r(s) + 3*u(s). What is the tens digit of n(3)?
2
Let b(a) = -a**2 + 4*a - 1. Let w be b(3). Suppose 4*j - 42 = -2*q, -5*j + 3*q = -w*q - 75. What is